e the prime factors of 82395?
3, 5, 1831
What are the prime factors of 7636?
2, 23, 83
What are the prime factors of 92?
2, 23
What are the prime factors of 15439?
15439
What are the prime factors of 3078?
2, 3, 19
What are the prime factors of 1261?
13, 97
What are the prime factors of 4105?
5, 821
List the prime factors of 6807.
3, 2269
What are the prime factors of 4945?
5, 23, 43
List the prime factors of 7790.
2, 5, 19, 41
What are the prime factors of 17567?
11, 1597
What are the prime factors of 78582?
2, 3, 7, 1871
List the prime factors of 73211.
179, 409
What are the prime factors of 2690?
2, 5, 269
List the prime factors of 164.
2, 41
What are the prime factors of 98661?
3, 32887
What are the prime factors of 34942?
2, 17471
What are the prime factors of 2664?
2, 3, 37
What are the prime factors of 15762?
2, 3, 37, 71
What are the prime factors of 1275?
3, 5, 17
What are the prime factors of 41833?
11, 3803
What are the prime factors of 7080?
2, 3, 5, 59
List the prime factors of 1275.
3, 5, 17
What are the prime factors of 675?
3, 5
What are the prime factors of 7421?
41, 181
What are the prime factors of 848?
2, 53
What are the prime factors of 1422?
2, 3, 79
What are the prime factors of 34031?
34031
List the prime factors of 43122.
2, 3, 7187
List the prime factors of 1553.
1553
List the prime factors of 515.
5, 103
List the prime factors of 71638.
2, 7, 17, 43
List the prime factors of 7985.
5, 1597
List the prime factors of 55019.
37, 1487
What are the prime factors of 4917?
3, 11, 149
What are the prime factors of 58097?
13, 41, 109
List the prime factors of 1221.
3, 11, 37
List the prime factors of 6615.
3, 5, 7
List the prime factors of 82996.
2, 20749
What are the prime factors of 21827?
13, 23, 73
List the prime factors of 5484.
2, 3, 457
List the prime factors of 86232.
2, 3, 3593
What are the prime factors of 6679?
6679
What are the prime factors of 60664?
2, 7583
List the prime factors of 4293.
3, 53
List the prime factors of 530.
2, 5, 53
List the prime factors of 1135.
5, 227
What are the prime factors of 6274?
2, 3137
List the prime factors of 2223.
3, 13, 19
List the prime factors of 14890.
2, 5, 1489
What are the prime factors of 21630?
2, 3, 5, 7, 103
List the prime factors of 307.
307
What are the prime factors of 22802?
2, 13, 877
What are the prime factors of 17856?
2, 3, 31
What are the prime factors of 2998?
2, 1499
What are the prime factors of 6088?
2, 761
What are the prime factors of 374?
2, 11, 17
What are the prime factors of 7092?
2, 3, 197
What are the prime factors of 23624?
2, 2953
List the prime factors of 5739.
3, 1913
List the prime factors of 502.
2, 251
List the prime factors of 1684.
2, 421
List the prime factors of 166899.
3, 55633
What are the prime factors of 16279?
73, 223
What are the prime factors of 1967?
7, 281
List the prime factors of 130046.
2, 7, 1327
List the prime factors of 283.
283
List the prime factors of 108226.
2, 53, 1021
What are the prime factors of 18950?
2, 5, 379
List the prime factors of 113276.
2, 28319
What are the prime factors of 3196?
2, 17, 47
What are the prime factors of 313?
313
What are the prime factors of 1742?
2, 13, 67
List the prime factors of 921.
3, 307
What are the prime factors of 712?
2, 89
List the prime factors of 32114.
2, 16057
What are the prime factors of 34087?
89, 383
List the prime factors of 710.
2, 5, 71
List the prime factors of 778.
2, 389
What are the prime factors of 12608?
2, 197
List the prime factors of 155.
5, 31
List the prime factors of 65433.
3, 17, 1283
What are the prime factors of 15386?
2, 7, 157
What are the prime factors of 46125?
3, 5, 41
What are the prime factors of 822?
2, 3, 137
List the prime factors of 25638.
2, 3, 4273
What are the prime factors of 25494?
2, 3, 7, 607
What are the prime factors of 50444?
2, 12611
List the prime factors of 1524.
2, 3, 127
What are the prime factors of 1763?
41, 43
What are the prime factors of 3421?
11, 311
What are the prime factors of 1527?
3, 509
What are the prime factors of 2864?
2, 179
What are the prime factors of 14884?
2, 61
What are the prime factors of 804?
2, 3, 67
List the prime factors of 3626.
2, 7, 37
List the prime factors of 7958.
2, 23, 173
List the prime factors of 38632.
2, 11, 439
List the prime factors of 6531.
3, 7, 311
What are the prime factors of 1064?
2, 7, 19
What are the prime factors of 2623?
43, 61
List the prime factors of 473.
11, 43
What are the prime factors of 26179?
47, 557
What are the prime factors of 488?
2, 61
What are the prime factors of 1653?
3, 19, 29
List the prime factors of 644.
2, 7, 23
List the prime factors of 97371.
3, 31, 349
What are the prime factors of 19676?
2, 4919
List the prime factors of 4835.
5, 967
List the prime factors of 1395.
3, 5, 31
What are the prime factors of 1871?
1871
List the prime factors of 4113.
3, 457
What are the prime factors of 26197?
17, 23, 67
List the prime factors of 13191.
3, 4397
List the prime factors of 36280.
2, 5, 907
What are the prime factors of 78756?
2, 3, 6563
List the prime factors of 52604.
2, 13151
List the prime factors of 84034.
2, 42017
What are the prime factors of 22931?
23, 997
What are the prime factors of 57871?
11, 5261
List the prime factors of 10482.
2, 3, 1747
What are the prime factors of 1959?
3, 653
List the prime factors of 703.
19, 37
List the prime factors of 27187.
31, 877
What are the prime factors of 14458?
2, 7229
What are the prime factors of 3199?
7, 457
List the prime factors of 792.
2, 3, 11
List the prime factors of 16675.
5, 23, 29
What are the prime factors of 9455?
5, 31, 61
What are the prime factors of 480?
2, 3, 5
What are the prime factors of 1893?
3, 631
List the prime factors of 67916.
2, 16979
What are the prime factors of 4186?
2, 7, 13, 23
List the prime factors of 1911.
3, 7, 13
What are the prime factors of 8197?
7, 1171
List the prime factors of 55146.
2, 3, 7, 13, 101
List the prime factors of 93818.
2, 61, 769
List the prime factors of 1214.
2, 607
List the prime factors of 79223.
227, 349
List the prime factors of 4394.
2, 13
What are the prime factors of 23807?
7, 19, 179
What are the prime factors of 623?
7, 89
What are the prime factors of 1622?
2, 811
List the prime factors of 7816.
2, 977
What are the prime factors of 893?
19, 47
What are the prime factors of 30889?
17, 23, 79
What are the prime factors of 238?
2, 7, 17
List the prime factors of 45861.
3, 15287
What are the prime factors of 171?
3, 19
What are the prime factors of 797?
797
What are the prime factors of 454?
2, 227
What are the prime factors of 5904?
2, 3, 41
What are the prime factors of 41521?
41521
List the prime factors of 1001.
7, 11, 13
What are the prime factors of 141392?
2, 8837
What are the prime factors of 1427?
1427
List the prime factors of 49580.
2, 5, 37, 67
What are the prime factors of 3402?
2, 3, 7
What are the prime factors of 13860?
2, 3, 5, 7, 11
List the prime factors of 1647.
3, 61
What are the prime factors of 5512?
2, 13, 53
List the prime factors of 69946.
2, 41, 853
List the prime factors of 2719.
2719
List the prime factors of 260.
2, 5, 13
List the prime factors of 2419.
41, 59
What are the prime factors of 9069?
3, 3023
List the prime factors of 9.
3
What are the prime factors of 22697?
22697
List the prime factors of 103434.
2, 3, 17239
What are the prime factors of 54188?
2, 19, 23, 31
List the prime factors of 4811.
17, 283
What are the prime factors of 8788?
2, 13
What are the prime factors of 12230?
2, 5, 1223
What are the prime factors of 1834?
2, 7, 131
List the prime factors of 37491.
3, 12497
What are the prime factors of 2005?
5, 401
List the prime factors of 19648.
2, 307
List the prime factors of 1224.
2, 3, 17
What are the prime factors of 1316?
2, 7, 47
List the prime factors of 602.
2, 7, 43
List the prime factors of 334.
2, 167
What are the prime factors of 10119?
3, 3373
List the prime factors of 14421.
3, 11, 19, 23
List the prime factors of 15192.
2, 3, 211
List the prime factors of 669.
3, 223
What are the prime factors of 1520?
2, 5, 19
List the prime factors of 549.
3, 61
List the prime factors of 155.
5, 31
What are the prime factors of 501?
3, 167
What are the prime factors of 104305?
5, 23, 907
List the pr